= -38. List the prime factors of c.
5
Let k(b) = -b**3 - 8*b**2 - b + 8. Let o be k(-6). Let a = -170 - -46. Let m = o - a. List the prime factors of m.
2, 3, 11
What are the prime factors of -17 + 18 - (-658 + 4 + -2)?
3, 73
What are the prime factors of 14/((-490)/(-15625)) - 3/7?
2, 223
Suppose -3*r + 6 = -3. Let y(s) = s**3 + s**2 - s - 5. Let b be y(0). List the prime factors of (b + 3 + r)*23.
23
Let f(q) = 4*q**2 - 24*q + 17. List the prime factors of f(-13).
3, 5, 67
Suppose -3*l = 3*l - 198. Let f = l - -20. List the prime factors of f.
53
Suppose 836 = 5*a - 389. Let x = -173 + a. List the prime factors of x.
2, 3
Suppose 6*g + 16 = 2*g, 0 = 3*s + g - 8. Suppose s*n - 9*n + 485 = 0. What are the prime factors of n?
97
Let b(r) = -4*r**2 - 5*r - 2. Let x be b(-3). Let g = 47 + x. Suppose -51 = -5*o + g. What are the prime factors of o?
3, 5
Let t(u) = u**2 + 4*u - 2. Let s be t(1). Suppose 4*f - 13 = 7, 299 = s*j + 4*f. What are the prime factors of j?
3, 31
Let f = 1037 + -926. List the prime factors of f.
3, 37
Suppose 2*z - 2757 = -3*k, 4*k + 4*z = 3*k + 909. List the prime factors of k.
3, 307
Let q be (-30)/4*4/(-6). Suppose 0 = q*i - c - 277, 3*i + 71 = 4*i + 5*c. What are the prime factors of i?
2, 7
Let p(x) = -2719*x - 236. What are the prime factors of p(-1)?
13, 191
Let r = -209 - -699. What are the prime factors of (-32)/10*r/(-28)?
2, 7
Let k(s) = -2*s - 1 - s**2 + 0*s - 4*s. Let q be k(-12). Let p = 111 + q. List the prime factors of p.
2, 19
Let y be 0/((16/4)/4). Let u be (-9 - y)*4/(-12). Suppose 0 = 2*s + 2*s + u*b - 23, -3*b + 18 = 3*s. What are the prime factors of s?
5
Let y = -3918 - -6666. What are the prime factors of y?
2, 3, 229
Let c(h) = h + 0*h + 6 + 0. Suppose l - 3 = -o + 1, -4*o + 5*l + 25 = 0. List the prime factors of c(o).
11
Let d(p) = 50*p**2 + 10*p - 22. What are the prime factors of d(2)?
2, 3, 11
Let j(r) = 3*r**3 + 3*r**2 - 43*r - 2. List the prime factors of j(7).
3, 97
Let w be (-1 + -3)/(28/42). What are the prime factors of (98/(-42))/(2 + 14/w)?
7
Let p be (-12)/24 + (-2)/(-4). Suppose p = -4*f - 5*z - 5 - 4, -z = -f + 9. Suppose -f = -3*m + m. List the prime factors of m.
2
Suppose -4*l + 15 = -u, 2*l = u + 11 - 2. Let b(m) = 0*m**l - 2*m**3 + 2 + 3*m**2 + 3*m + 0*m**3. What are the prime factors of b(-2)?
2, 3
Suppose -5*q - 15*q = -1440. Suppose -q*r + 115 = -71*r. List the prime factors of r.
5, 23
Let u(y) = -6*y**3 - 6*y**2 - 4. Let d(t) = -5*t**3 - 6*t**2 - t - 4. Let m(n) = -5*d(n) + 4*u(n). List the prime factors of m(-5).
2
Let z = 2 + 3. Suppose 0 = z*l + 5*s - 70, -3*l - 4 = -2*s - 71. What are the prime factors of l?
19
Let y be (-44)/6*(2 + -11). Let n be 7/(-28) - (226/(-8) - -2). Suppose -n*r = -24*r - y. List the prime factors of r.
3, 11
Let c(z) = 1820*z - 35. List the prime factors of c(2).
5, 7, 103
Let v(u) = 28*u - 3. Let b be v(1). Suppose w + b = 2*w. Let o = 9 + w. What are the prime factors of o?
2, 17
Let g = -39 + 56. Let r(j) = -j**2 + 21*j + 20. What are the prime factors of r(g)?
2, 11
What are the prime factors of (-11 - 9)/5 + 881 + 0?
877
Suppose 6 = 4*s - 6. Suppose 16 = 2*a - s*t, 0 = a + 5*t + 11 + 7. What are the prime factors of a?
2
What are the prime factors of (-3 - -1)*(-180759)/178?
3, 677
Let r(d) = 2*d + 8 - 5*d + 11 + 2*d. Let x be r(14). Suppose x*q = -3*a - 0*a + 3, 4*a + 1 = -5*q. List the prime factors of q.
3
Let l = -14 + 14. Let w be 9/3 + (-3 - l). Suppose -4*h + 52 = -w*h. What are the prime factors of h?
13
Let i(y) = y - 11. Let c be i(10). What are the prime factors of 2 - c - (-17 + 6)?
2, 7
Suppose 5*k - m = 28 + 67, -3*k + 57 = -2*m. Let x = k + -16. Suppose h + 4*t = x*h - 42, 2*h - 24 = -2*t. List the prime factors of h.
3, 5
Let k(x) = -x**2 - 9*x + 24. Let h be k(-11). Let a(g) = 13*g - 20 - h*g - 4*g. What are the prime factors of a(7)?
29
Suppose -15*p + 20*p = 15, -3*s + 3*p = -1605. What are the prime factors of s?
2, 269
Suppose 2*p - 101 = 3*p. Let k = p + 217. List the prime factors of k.
2, 29
Let h = 204 - 310. Let q = -2 - h. List the prime factors of q.
2, 13
Let g(l) = 42*l + 3. Suppose -3*b = 4*z - 4*b - 12, b = -3*z + 16. Let x be g(z). Let d = x + -116. List the prime factors of d.
5, 11
Suppose -4*c + 0*q - 4*q + 19940 = 0, q = -2*c + 9969. List the prime factors of c.
2, 7, 89
Suppose 2*y = 4*y + 48. Let c = 73 - 45. Let i = c - y. What are the prime factors of i?
2, 13
Let p = -58 - 115. Let m = 378 + p. What are the prime factors of m?
5, 41
Suppose 6*j + 225 = 1743. List the prime factors of j.
11, 23
Let r = 15 + -11. Let j(a) = -6*a + 8. Let m be j(0). Suppose -o = 4*g - m, r*g + o - 20 = 3*o. List the prime factors of g.
3
Suppose 306 = -o - 5*o. Let t = -85 - o. List the prime factors of (-6)/(((-4)/t)/(-1)).
3, 17
What are the prime factors of (-1092)/(-2) - 2*12/(-24)?
547
Suppose -40 = h - 14. Let f = h - -19. What are the prime factors of 4 + f + 54 + 1?
2, 13
Let w(u) = 3*u - 14. Let y be w(12). What are the prime factors of (-4)/4 - (0 - y)?
3, 7
Let d(s) = s - 8. Let n be d(11). Suppose 2*l - 5*o = -3*l + 35, 3*l = -n*o - 9. What are the prime factors of 22/(-3)*(-3)/l?
11
Let j = -26 + 22. Let r = -8 - j. List the prime factors of (2 - 0) + r + 53.
3, 17
Let u be 1*7/(-2 - (2 - 3)). Let y(x) = x**3 + 8*x**2 + 2*x + 6. List the prime factors of y(u).
41
What are the prime factors of 12/(-30) - 32914/(-35)?
2, 5, 47
Suppose 282 = -0*b + 2*b. Suppose -2*g + 22 = n - 6*g, 0 = 3*n + 3*g - b. List the prime factors of n.
2, 3, 7
Let t be (-42)/10 - 20/25. Let z be (5/t)/(1/(-19)). Let x = z - -11. List the prime factors of x.
2, 3, 5
Let v(c) = c**2 - 5*c + 11. Let g be v(11). Let y = -40 + g. What are the prime factors of y?
37
What are the prime factors of -12 + (-85130)/(-95) - 2/19?
2, 13, 17
Let i = 0 - -3. Suppose -i*t + 7*t - 20 = 0. Suppose 4*n - 13 = t*n - 3*c, -c = -5. What are the prime factors of n?
2
Suppose 4*a = -g + 1, 4 = 3*a + 2*g + 2*g. Suppose -5*f - 2*z + 24 = a, 2*z = 4*f - 3*z - 6. Suppose -f*m - 36 = -172. What are the prime factors of m?
2, 17
What are the prime factors of (-2 + 3/(-2))/((-43)/30358)?
7, 353
Suppose 0 = 12*o + 731 - 9971. What are the prime factors of o?
2, 5, 7, 11
Let h(o) = o**2 - 9*o + 13. Let a be h(6). Let y be -1*2 - 5560/a. List the prime factors of y/24 - (-2)/(-8).
2, 23
Let g(f) = 2*f**3 - 38*f**2 + 20*f - 76. List the prime factors of g(19).
2, 19
Suppose -5*u + 0 + 5 = 0. Suppose o + 4 = 3*g, o + o = -3*g + u. Suppose -3*r - g = -28. List the prime factors of r.
3
Let v = 723 + -376. What are the prime factors of v?
347
Suppose -71*j - 4605 = -74*j. What are the prime factors of j?
5, 307
Suppose 0 = 5*b - 11*b. Suppose b = 14*o - 16*o + 282. List the prime factors of o.
3, 47
Let i = 153 - 130. Let f(v) = -8*v + 1. Let p be f(1). Let w = i - p. List the prime factors of w.
2, 3, 5
Let o(g) = 3*g**2 - 41*g - 121. List the prime factors of o(-21).
2063
Suppose 5*k - 205 = 185. Let z be 0 + -2*k/(-4). Suppose 0*n + n = -3*b + z, 4*n = b + 143. What are the prime factors of n?
2, 3
Suppose 231 = 5*k + 51. List the prime factors of (12*16/k)/(1/27).
2, 3
Suppose 0*u - 5*u - 30 = -5*z, 5*u + 3*z + 6 = 0. Let d be u*4/(-36)*6. List the prime factors of (-25)/(-3) - d/6.
2
Suppose t = 3*k - 5866, 4*t - 7*t - 12 = 0. What are the prime factors of k?
2, 977
Suppose -4 = -3*a + 2. Suppose -231 = -a*j - 3*j + 2*q, -4*j = -4*q - 192. List the prime factors of j.
3, 5
Suppose 22*q - 20*q = j - 235, -745 = -3*j - 4*q. What are the prime factors of j?
3
Suppose i = -3*i + 92. Suppose n - 2*k = -i, 5*n + 104 = n - 4*k. Let d = 43 + n. List the prime factors of d.
2, 3
Let p(u) = -6*u - 14. Let w be p(13). Let c = 66 - w. What are the prime factors of c?
2, 79
Let g be (-2)/4*(1 - 7). Let a = 98 + -96. Suppose -r - 179 = -4*f - a*r, f + g*r = 53. List the prime factors of f.
2, 11
Let g(l) = 5*l + 7. Let q be g(-3). What are the prime factors of (-3 - -2)*(q - 5)?
13
Suppose 3*n + 0 = 3. Let x be n + -5 + (7 - 4). Let j(k) = -26*k + 1. List the prime factors of j(x).
3
Let l(k) = -k**3 + 5*k**2 + k + 2. Let j be (1/1)/(2/18). Suppose -t = -5*x - 8, -5*t + 8 = -2*x - j. List the prime factors of l(t).
23
Let z(u) = u**3 - u**2 - 6*u + 2. Let l be z(4). Let 